 Let d be 39/(-12) + x/(-4). Calculate j(d).
-11
Let p(s) = -s**3 + 9*s**2 + 12*s - 15. Suppose -48 + 108 = 6*v. What is p(v)?
5
Let d(f) = f - 3. Let x(v) = v**3 - 5*v**2 - 19*v + 26. Let u be x(7). Determine d(u).
-12
Let j(y) = 5*y**2 - 8*y - 5. Let r(z) = -8*z**2 + 15*z + 10. Let i(w) = 5*j(w) + 3*r(w). Give i(-6).
11
Suppose -7*r + 4 = -11*r - 4*y, 8 = -5*r - 2*y. Let o(k) = -7*k + 2. Give o(r).
16
Let h be 580/348*9/(-5). Let i(q) = -7*q**3 - 4*q**2 - q + 3. Let f(m) = -6*m**3 - 4*m**2 - m + 2. Let t(y) = 5*f(y) - 4*i(y). Determine t(h).
19
Let p(o) = -2*o + 1. Let c(u) = u + 29. Let f be c(-20). Let v be 5 + -2 - (f + -8). What is p(v)?
-3
Let o(t) = -t**2 + 6*t + 1. Let d(h) = h**3 + 5*h**2 - h - 6. Let u be d(-5). Let m be (208/12)/(u/(-3)). Let r be m/10 - 6/30. Determine o(r).
6
Let o(x) = x**2 - 7*x - 4. Let n(i) = 2*i**2 - 13*i - 10. Let k(v) = -6*n(v) + 13*o(v). What is k(11)?
-14
Let u(y) = -11*y**2 + 16*y - 1. Let h(f) = -13*f**2 + 17*f - 2. Let m(o) = -6*h(o) + 7*u(o). Determine m(-7).
-16
Suppose 33*h - 25 = -3*n + 29*h, h = 3*n - 20. Let s(m) = -m**3 + 6*m**2 + 8*m - 7. Give s(n).
0
Let z = 1441/6 + -240. Let x(t) be the third derivative of 1/24*t**4 + 0*t + 0 + z*t**3 + t**2. Determine x(6).
7
Suppose -2*b - 2 = -24. Let d(w) = -15*w + 8*w + b*w. Let i be (-1)/3*-3 + -2. Determine d(i).
-4
Let s(g) be the third derivative of -g**6/120 - 7*g**5/60 + g**4/6 + 19*g**3/6 - 877*g**2. What is s(-7)?
-9
Suppose 12*p = 9*p + 24. Let a be -5 - (6/4 + (-12)/p). Let t(u) = u + 9. Give t(a).
4
Let j(q) = 4*q - 12. Let c(b) = -3*b + 13. Let o be (4/(-3) + 2)/((-6)/45). Let a(w) = o*c(w) - 4*j(w). Determine a(0).
-17
Let y = 4 - 4. Let z(j) = 2*j + j - 7 - j + y*j. Determine z(7).
7
Suppose 2*a = -8 - 2, -2*i + a = -5. Let t(q) = -2*q + 13. Calculate t(i).
13
Let t(q) = -q - 1. Let z = -61 - -67. Let c(i) = -i**2 + 3*i + 2. Let a(h) = z*t(h) + c(h). Suppose 0 + 1 = n - o, 0 = -2*o - 10. Determine a(n).
-8
Let i(a) = 3*a**3 + a**2 + a - 1. Let y be i(1). Suppose -6 = -y*h + 2. Let b(z) = -1 + h*z + z - 4*z. What is b(-4)?
3
Suppose 3*l - 15 = 0, 0*v = 4*v - 4*l + 12. Suppose 0 = -0*w + v*w - 4. Let i(g) = -2*g**w + 3*g + 3*g**2 - 2*g**2 - 2 - 2*g. Determine i(3).
-8
Let v(c) = c - 2. Let n(f) = -4*f + 7. Let p(u) = -2*n(u) - 7*v(u). Suppose -7*w = -2*w - 15. Suppose -2*z + 3*x = -0*z + 9, -w = 3*z - x. Give p(z).
0
Suppose 3*w - 21 - 6 = 0. Let x(r) = r**3 - 9*r**2 - r + 3. What is x(w)?
-6
Suppose -3*p + p + 26 = 0. Let w(f) = p*f**2 - 3*f**2 - 1 - 11*f**2. Determine w(3).
-10
Suppose 5*r + 54 = -4*v, 3*v + 64 - 20 = -4*r. Let z(m) = m**2 + 13*m + 15. Calculate z(r).
29
Let c(t) be the first derivative of -1/12*t**5 + 0*t - 1/6*t**3 + 7/2*t**2 + 1/24*t**4 + 1/120*t**6 + 8. Let a(y) be the second derivative of c(y). Give a(5).
4
Let z = 366 + -374. Let x(p) = p**3 + 9*p**2 + 5*p. What is x(z)?
24
Suppose 0*i - 2*i = -2*k, 0 = 3*i + 2*k - 15. Suppose -5*b = -i*q + 68, -2*b + 142 - 34 = 4*q. Let c(l) = 1 - 1 + 3 + q*l - 23*l. Determine c(-4).
-9
Let i(j) = -5*j - 6*j + 14*j + 7. Give i(-8).
-17
Let t(m) = 40 + m - 81 + 41. Calculate t(7).
7
Let p(w) = -w**3 - 5*w**2 + 9*w + 8. Let f = 42 + -25. Let q = f + -23. Determine p(q).
-10
Let m = -328 - -661/2. Let y(v) be the second derivative of 0 + m*v**2 + 1/3*v**3 + 9*v + 1/20*v**5 + 1/3*v**4. Calculate y(-4).
-3
Let q(d) be the second derivative of d**3/6 - 3*d**2 - 67*d. What is q(4)?
-2
Let s(n) = 3*n + 2. Suppose c - 7 = 3*v + 2*c, 3*v - 2*c + 13 = 0. Let b(q) = q**3 + 4*q**2 - 4. Let d be b(v). Suppose 6 = -d*t - 4. What is s(t)?
-4
Let a(l) be the second derivative of -l**3/6 - 7*l**2/2 + 80*l. Give a(-4).
-3
Suppose 4*i = 40 + 100. Let s(x) = -21*x + i*x - 16*x - 3. Determine s(-5).
7
Let t = 4 + -3. Suppose u - 3 = t. Let v(y) be the third derivative of y**5/60 - y**4/4 - 2*y**3/3 + y**2. Calculate v(u).
-12
Let r(k) be the third derivative of k**4/8 + k**3/6 + 22*k**2 + 1. Let q(b) = -b**3 + 5*b**2 - 6*b + 4. Let i be q(4). Calculate r(i).
-11
Let i(q) be the third derivative of q**5/60 + q**4/24 - q**3/3 + 84*q**2. Determine i(0).
-2
Suppose 5*c - 10 = -2*b + 3*c, -3*b = -4*c + 20. Let j(v) = 2 + 18*v - 27*v + 10*v. Give j(b).
2
Suppose -3*f + 4*f - 5 = 0. Suppose 0 = 8*o - f*o. Suppose o = -2*w + w + 3. Let s(h) = 2*h + 1. Determine s(w).
7
Let h be (-289)/(-17) - (-5)/(10/(-12)). Let t(y) = y**3 - 11*y**2 + 5. Calculate t(h).
5
Let n = 16 + -8. Let g(x) = 0 - x**3 - 21*x**2 - 5*x + x + 30*x**2 - 1 - 4*x. Calculate g(n).
-1
Let u(k) = 3*k**2 + 10*k + 4. Let j(a) = -4*a**2 - 15*a - 6. Let i(y) = 5*j(y) + 7*u(y). Give i(7).
12
Let j(a) = -a**2 + 19*a + 2. Suppose -7*i + 57 + 69 = 0. Determine j(i).
20
Let k(g) = g**3 - 2*g**2 - 8*g + 1. Let v(j) = j**2 - j - 1. Let q(l) = k(l) - 4*v(l). Determine q(6).
-19
Let s(y) be the third derivative of y**4/12 + 7*y**3/6 + y**2 - 167. Let g be 2/(-3) + 32/(-6). Calculate s(g).
-5
Let s(o) be the second derivative of 5*o**4/4 - 5*o**3/3 + o**2 + 6*o. Let q(r) = 7*r**2 - 5*r + 1. Let k(u) = 13*q(u) - 6*s(u). What is k(4)?
-3
Let r be (44 + -47)/(6/(-4)). Let s(p) = -5*p + 5. Calculate s(r).
-5
Let l = 9 - 7. Suppose 9 = -3*a - 3*j, l*a - 4*j + 6 = -0*a. Let m(f) = -f**2 - 6*f - 4. Calculate m(a).
5
Let q(d) = -d**2 + 5*d + 13. Suppose -25*f - 24 = -29*f. Determine q(f).
7
Let j be (0/(-3) + (3 - 2))*3. Let i(l) = 0*l - 3*l + 2*l - j*l**2 - 22*l**2. Determine i(-1).
-24
Let f(c) = 4*c**3 + 2*c**2 - 1. Suppose 3*n + 15 = v + 2*v, -n + 20 = 4*v. Suppose 3 = -3*p - n. Determine f(p).
-3
Let d(v) = -38*v - 391. Let l be d(-10). Let c(n) = n**2 + 10*n - 10. What is c(l)?
1
Suppose -6*n + 35 = 11. Suppose 72 = 8*l + n*l. Let x(g) = -g**3 + 5*g**2 + 4*g + 7. Give x(l).
-5
Let r(k) = -k**3 + 4*k**2 + 6*k - 7. Suppose -3*d - 3*i + 117 = 0, 0*d - 3*d - 2*i = -122. Let z be d/36 - 8/36. Suppose 0 = -2*u + z + 9. Give r(u).
-2
Let r(p) = p**3 - 3*p**2 - 5*p + 4. Let h = 350 - 174. Suppose 6 = i + 1, 4*t - h = -4*i. Let c = 42 - t. Give r(c).
-11
Let d(j) = 13*j**2 + 4*j + 1. Let s be d(-1). Let v(h) = 7 - 18 - h**2 + 12*h + h**2 - h**2. Calculate v(s).
9
Let b = -775 + 772. Let w(j) = -j**2. Give w(b).
-9
Let a(q) = q**2 - 12*q - 1. Let f(b) = 38*b + 10. Let p be f(0). What is a(p)?
-21
Suppose -4*x - 2 = 2. Let j(d) be the first derivative of -d**3 + d**2/2 - 441. Give j(x).
-4
Let z(x) be the third derivative of -5/6*x**3 - 1/60*x**5 - 1/4*x**4 + 0 + 0*x - 2*x**2. Let k(l) = 2*l**2 + 78*l + 72. Let h be k(-38). What is z(h)?
3
Suppose 2*i = 2*d + 4*i - 8, d = -2*i + 8. Let j(o) = o**2 - o - 10. Determine j(d).
-10
Let v(c) = -4*c**3 - 5*c + 2*c**3 + c**3 - 4 + 6*c**2. Suppose 3*n - 18 = -3*i, 8*n = 4*i + 10*n - 22. Calculate v(i).
-4
Let l(s) be the third derivative of 0*s - 7*s**2 - 1/24*s**4 + 0 + 1/60*s**5 + 0*s**3 + 1/360*s**6. Let o(r) be the second derivative of l(r). Determine o(2).
6
Let z(h) = -12*h**2 + h - 1. Let i(s) = s**2 + 3*s + 4. Let m be i(-1). Suppose 3*x + 14 = 4*a - 2*x, 0 = -x - m. What is z(a)?
-12
Let m(o) = o + 3. Suppose -r + 19 = -2*d, -33*d - r = -29*d + 23. What is m(d)?
-4
Let y be (-9)/(-15) - 4/(-10). Let x(t) = -t**3 + 12*t**2 + 14*t - 8. Let b be x(13). Let w(s) = -b*s**2 - 16*s**2 + 8*s**2 - y. Give w(1).
-14
Suppose 4*z - 1551 = -1523. Let s(p) = p**3 - 9*p**2 + 15*p - 2. Calculate s(z).
5
Let k(n) be the third derivative of n**6/120 + n**5/15 - n**4/4 + n**3/6 + 3*n**2 - 12*n. Suppose 4*s = 2*h - 22, 7 = -2*s - h - 2. Give k(s).
6
Let j(g) = -5*g + 1 + 8 + 0 + 4*g**2. Let b(n) = 7*n**2 - 11*n + 18. Let q(y) = 3*b(y) - 5*j(y). Let x = -79 - -86. Calculate q(x).
2
Suppose 0*s - 5 = s. Let z(r) be the third derivative of -r**7/2520 - 7*r**6/720 - r**4/6 - 11*r**2. Let u(k) be the second derivative of z(k). Give u(s).
10
Suppose 0 = 4*y + 20 - 16. Let n be 68/(-18) - 4/18. Let o be y + -2 + 2 + n. Let h(r) = -r - 2. Calculate h(o).
3
Let u(k) be the first derivative of k**4/4 + 3*k**3 + 7*k**2/2 + 3*k + 299. Calculate u(-8).
11
Let p(m) = 4*m**3 - 9*m**2 + 6*m + 7. Let d(s) = -3*s**3 + 7*s**2 - 5*s - 6. Let u(j) = 5*d(j) + 4*p(j). Calculate u(-2).
-12
Let k(b) = -8*b**2 + 2*b - 16*b**2 + 2*b - 7*b + 2*b. What is k(1)?
-25
Let v(l) = -2*l**3 - l**2 - 7*l - 6. Let a(f) = f**3 + 3*f + 3. Let c(o) = 9*a(o) + 4*v(o). What is 